{"id":735,"date":"2016-05-08T16:39:36","date_gmt":"2016-05-08T15:39:36","guid":{"rendered":"http:\/\/confrariadopaodaregueifaedobiscoitodevalongo.com\/confraria\/?page_id=735"},"modified":"2024-03-04T00:33:53","modified_gmt":"2024-03-03T23:33:53","slug":"orgaos-sociais","status":"publish","type":"page","link":"https:\/\/confrariadopaodaregueifaedobiscoitodevalongo.com\/confraria\/orgaos-sociais\/","title":{"rendered":"Org\u00e3os Sociais"},"content":{"rendered":"<p>[vc_row][vc_column width=&#8221;2\/3&#8243;][vc_tta_accordion][vc_tta_section title=&#8221;ORG\u00c3OS SOCIAIS 2024-2026&#8243; tab_id=&#8221;1709507736359-b0d11ef5-9235&#8243;][vc_column_text]<strong>Biscoitaria<\/strong><br \/>\nBiscoiteiro Mor (Presidente) \u2013 Rosa Maria Martins Rocha<br \/>\nBiscoiteiro (Vice-Presidente) &#8211; Rosa Maria Ara\u00fajo Dias do Vale<br \/>\nAmassador Biscoiteiro (Secret\u00e1rio) &#8211; Maria da Purifica\u00e7\u00e3o Matos F. Ribeiro<\/p>\n<p><strong>Padaria<\/strong><br \/>\nPadeira Mor (Presidente) &#8211; Bruno Miguel Cordeiro Pereira da Silva<br \/>\nPadeira (Vice-Presidente) &#8211; Ant\u00f3nio C\u00e2ndido Santos Castro Paup\u00e9rio<br \/>\nForneiro (Secret\u00e1ria) &#8211; B\u00e1rbara Pinheiro Baltarejo<br \/>\nAmassador de Padeiro (Tesoureiro) &#8211; M\u00e1rio Rui Oliveiro Monteiro<br \/>\nAjudante Padeiro (Vogal) &#8211; Maria Encarna\u00e7\u00e3o Moreira Guimar\u00e3es<br \/>\nAjudante Padeiro (Vogal) &#8211; Ana Paula Alves Pinheiro<br \/>\nAjudante Padeiro (Vogal) &#8211; Tirsa Liliana Pereira Carneiro<br \/>\nAjudante Padeiro (Vogal) &#8211; Hugo S\u00e9rgio Azeredo Carvalho Monteiro<br \/>\nAjudante Padeiro (Vogal) &#8211; Jorge Manuel Moreira Dias<br \/>\n<em>Ajudante Padeiro (Suplente) &#8211;<\/em> Carlos Jorge Sousa Oliveira<br \/>\n<em>Ajudante Padeiro (Suplente) &#8211;<\/em> Eduardo Jorge de Andrade Moutinho<br \/>\n<em>Ajudante Padeiro (Suplente) &#8211; <\/em>Ana Cec\u00edlia Castro Ferreira Aguiar<br \/>\n<em>Ajudante Padeiro (Suplente) &#8211; <\/em>Ant\u00f3nio Castro Alves Aguiar<\/p>\n<p><strong>Moinho<\/strong><br \/>\nMoleiro Mor (Presidente) &#8211; Jos\u00e9 Vitorino Quelhas Ferreira<br \/>\nPrimeiro Moleiro (1.\u00ba Secret\u00e1rio) &#8211; Maria Jorge da Rocha Dias Ruivo<br \/>\nSegundo Moleiro (2.\u00ba Secret\u00e1rio) &#8211; Manuel Nogueira da Rocha[\/vc_column_text][\/vc_tta_section][vc_tta_section title=&#8221;ORG\u00c3OS SOCIAIS 2021-2023&#8243; tab_id=&#8221;1709507853888-a73e535d-e8b1&#8243;][vc_column_text]<strong>Biscoitaria<\/strong><br \/>\nBiscoiteiro Mor (Presidente) \u2013 Ant\u00f3nio Castro Alves Aguiar<br \/>\nBiscoiteiro (Vice-Presidente) &#8211;<br \/>\nAmassador Biscoiteiro (Secret\u00e1rio) &#8211; Marta Neves<br \/>\n<strong>Padaria<\/strong><br \/>\nPadeira Mor (Presidente) &#8211; Rosa Maria de Sousa Martins Rocha<br \/>\nPadeira (Vice-Presidente) &#8211;<br \/>\nForneiro (Secret\u00e1ria) &#8211; Susana Tavares<br \/>\nAmassador de Padeiro (Tesoureiro) &#8211; H\u00e9lio Fenando da Silva Rebelo<br \/>\nAjudante Padeiro (Vogal) &#8211; Bruno Miguel Cordeiro Pereira da Silva<br \/>\nAjudante Padeiro (Vogal) &#8211; Maria Encarna\u00e7\u00e3o Moreira Guimar\u00e3es<br \/>\nAjudante Padeiro (Vogal) &#8211; Ant\u00f3nio C\u00e2ndido Santos Castro Paup\u00e9rio<br \/>\n<strong>Moinho<\/strong><br \/>\nMoleiro Mor (Presidente) &#8211; Jos\u00e9 Vitorino Quelhas Ferreira<br \/>\nPrimeiro Moleiro (1.\u00ba Secret\u00e1rio) &#8211; Ana Paula Pinheiro<br \/>\nSegundo Moleiro (2.\u00ba Secret\u00e1rio) &#8211; Manuel Nogueira da Rocha[\/vc_column_text][\/vc_tta_section][vc_tta_section i_type=&#8221;entypo&#8221; i_icon_entypo=&#8221;entypo-icon entypo-icon-users&#8221; add_icon=&#8221;true&#8221; title=&#8221;\u00d3RG\u00c3OS SOCIAIS 2016-2018&#8243; tab_id=&#8221;1462835686825-367834a6-3414&#8243;][vc_column_text]<strong>Biscoitaria<\/strong><br \/>\nBiscoiteiro Mor (Presidente) \u2013 Ant\u00f3nio Castro Alves Aguiar<br \/>\nBiscoiteiro (Vice-Presidente) &#8211; Manuel da Silva Po\u00e7as<br \/>\nAmassador Biscoiteiro (Secret\u00e1rio) &#8211; Jos\u00e9 Manuel Celestino Russo Ferreira<br \/>\n<strong>Padaria<\/strong><br \/>\nPadeira Mor (Presidente) &#8211; Rosa Maria de Sousa Martins Rocha<br \/>\nPadeira (Vice-Presidente) &#8211; Rosa Maria Ara\u00fajo Dias do Vale<br \/>\nForneiro (Secret\u00e1ria) &#8211; Margarida Maria Dias de Sousa<br \/>\nAmassador de Padeiro (Tesoureiro) &#8211; H\u00e9lio Fenando da Silva Rebelo<br \/>\nAjudante Padeiro (Vogal) &#8211; Hil\u00e1rio J\u00falio Moreira Jorge Coelho<br \/>\nAjudante Padeiro (Vogal) &#8211; Maria Encarna\u00e7\u00e3o Moreira Guimar\u00e3es<br \/>\nAjudante Padeiro (Vogal) &#8211; Ant\u00f3nio C\u00e2ndido Santos Castro Paup\u00e9rio<br \/>\n<strong>Moinho<\/strong><br \/>\nMoleiro Mor (Presidente) &#8211; Jos\u00e9 Vitorino Quelhas Ferreira<br \/>\nPrimeiro Moleiro (1.\u00ba Secret\u00e1rio) &#8211; Maria Jorge da Rocha Dias Ruivo<br \/>\nSegundo Moleiro (2.\u00ba Secret\u00e1rio) &#8211; Manuel Nogueira da Rocha[\/vc_column_text][\/vc_tta_section][vc_tta_section i_type=&#8221;entypo&#8221; i_icon_entypo=&#8221;entypo-icon entypo-icon-users&#8221; add_icon=&#8221;true&#8221; title=&#8221;COMISS\u00c3O INSTALADORA &#8211; 2015&#8243; tab_id=&#8221;1462835686744-3c0858d6-8f09&#8243;][vc_column_text]Ant\u00f3nio Castro Alves Aguiar<br \/>\nH\u00e9lio Fernando da Silva Rebelo<br \/>\nHil\u00e1rio J\u00falio Moreira Jorge Coelho<br \/>\nManuel da Silva Po\u00e7as<br \/>\nManuel Nogueira da Rocha<br \/>\nMargarida Maria Dias de Sousa<br \/>\nMaria Encarna\u00e7\u00e3o Moreira Guimar\u00e3es<br \/>\nRosa Maria Ara\u00fajo Dias do Vale<br \/>\nRosa Maria de Sousa Martins Rocha<br \/>\nTiago Jorge Moreira da Cunha[\/vc_column_text][\/vc_tta_section][\/vc_tta_accordion][\/vc_column][vc_column width=&#8221;1\/3&#8243;][vc_widget_sidebar sidebar_id=&#8221;otw-sidebar-1&#8243;][\/vc_column][\/vc_row]<\/p>\n ","protected":false},"excerpt":{"rendered":"<p>[vc_row][vc_column width=&#8221;2\/3&#8243;][vc_tta_accordion][vc_tta_section title=&#8221;ORG\u00c3OS SOCIAIS 2024-2026&#8243; tab_id=&#8221;1709507736359-b0d11ef5-9235&#8243;][vc_column_text]Biscoitaria Biscoiteiro Mor (Presidente) \u2013 Rosa Maria Martins Rocha Biscoiteiro&#8230;<\/p>\n","protected":false},"author":1,"featured_media":0,"parent":0,"menu_order":0,"comment_status":"closed","ping_status":"closed","template":"","meta":[],"_links":{"self":[{"href":"https:\/\/confrariadopaodaregueifaedobiscoitodevalongo.com\/confraria\/wp-json\/wp\/v2\/pages\/735"}],"collection":[{"href":"https:\/\/confrariadopaodaregueifaedobiscoitodevalongo.com\/confraria\/wp-json\/wp\/v2\/pages"}],"about":[{"href":"https:\/\/confrariadopaodaregueifaedobiscoitodevalongo.com\/confraria\/wp-json\/wp\/v2\/types\/page"}],"author":[{"embeddable":true,"href":"https:\/\/confrariadopaodaregueifaedobiscoitodevalongo.com\/confraria\/wp-json\/wp\/v2\/users\/1"}],"replies":[{"embeddable":true,"href":"https:\/\/confrariadopaodaregueifaedobiscoitodevalongo.com\/confraria\/wp-json\/wp\/v2\/comments?post=735"}],"version-history":[{"count":16,"href":"https:\/\/confrariadopaodaregueifaedobiscoitodevalongo.com\/confraria\/wp-json\/wp\/v2\/pages\/735\/revisions"}],"predecessor-version":[{"id":763,"href":"https:\/\/confrariadopaodaregueifaedobiscoitodevalongo.com\/confraria\/wp-json\/wp\/v2\/pages\/735\/revisions\/763"}],"wp:attachment":[{"href":"https:\/\/confrariadopaodaregueifaedobiscoitodevalongo.com\/confraria\/wp-json\/wp\/v2\/media?parent=735"}],"curies":[{"name":"wp","href":"https:\/\/api.w.org\/{rel}","templated":true}]}}